 3*x + 270 + 538 = 0. What is the hundreds digit of f?
4
What is the tens digit of 8617/3 - (-28)/(-12)?
7
Let w(q) = 17*q + 14. Let c(i) be the first derivative of 9*i**2/2 + 7*i + 3. Let f(y) = 10*c(y) - 6*w(y). What is the tens digit of f(-6)?
5
Let f = 1176 - 588. What is the tens digit of f?
8
Let z(n) = -5 + 82*n + 6 - 16*n. What is the units digit of z(1)?
7
Suppose 3*u + 4 = o + o, 3*o - 3*u = 9. Suppose -27 = -2*l - 2*n + 7, 5*l + 3*n = 91. Suppose d + l = o*d. What is the units digit of d?
5
Let u be ((-2)/4)/(7/(-14)). Let k(v) be the second derivative of 13*v**4/6 - v**3/2 + v**2/2 + 22*v. What is the tens digit of k(u)?
2
Let o = -65 - -104. Let h = 17 + -14. What is the tens digit of 2*(h + o/6)?
1
Let i be (-55)/(-15) + 1/3. What is the units digit of -2 + (4 - (-69 - i))?
5
Let f(y) = y**3 - 27*y**2 - 23*y + 63. Suppose -7*g = -11*g + 112. What is the tens digit of f(g)?
0
Let b be (0 + 2)*38/2. What is the units digit of b - (0 - (-3 - -4))?
9
Let i(s) = s**2 + 380. Let g be i(0). Suppose 0 = 4*k, -4*x + 2*k = 6*k - g. What is the tens digit of x?
9
Suppose 10*r = 24*r - 70. Suppose 1 = 3*o - 5*k, 2*o + 2*o - 5*k = 3. Suppose r*f - o*f = d, d = 5*f - 10. What is the tens digit of d?
1
Let p(r) = -6*r - 24. Let t(w) = -2*w**2 + 2*w + 2. Let j = 23 + -25. Let k be t(j). What is the units digit of p(k)?
6
Let c be 4 - (2 + 2/1). Suppose 3*a + 2*f - 6*f + 41 = c, 3*a + 3*f = -6. Let d(w) = 2*w**2 + 9*w + 10. What is the units digit of d(a)?
5
Suppose 5*r + 4*l - 483 = 0, -r + 4*l = 30 - 117. What is the tens digit of r?
9
Let n = -32 - -30. Let v = -125 - -207. What is the units digit of n/10 + v/10?
8
Let b = -3074 + 4047. What is the tens digit of b?
7
Let s(y) = -y**3 + 20*y**2 - 36*y + 19. Let v be s(15). Suppose -4*c - 4*l + 656 = 0, 4*l + 110 - v = -3*c. What is the units digit of c?
2
Let v(u) = 11*u - 17. Let z(c) = -2*c + 48. Let d be z(20). What is the tens digit of v(d)?
7
Suppose f = -0*f + 3. Let y(b) = 33*b + 9. Let p(d) = -11*d - 3. Let t(q) = f*y(q) + 8*p(q). What is the units digit of t(4)?
7
Let k = 99 + -41. Let m = k + -52. What is the units digit of m?
6
Suppose 6*h - 2*h = -5*w + 2570, 0 = -2*h - w + 1288. What is the units digit of h?
5
Suppose 8*z + 8*z + 544 = 0. Let l = 135 - z. What is the hundreds digit of l?
1
Let s = 57 + -71. Let d(k) = -12*k + 40. What is the tens digit of d(s)?
0
Let j(w) = w**3 + 11*w**2 + 17*w - 23. Let c be j(-10). Let u = -171 - -330. Let r = c + u. What is the units digit of r?
6
Let q be -4 + 7 - 12/(-3). Suppose -107 = -5*o - q. Suppose -y + 10 = 3*v, -3*y + o + 2 = 5*v. What is the units digit of v?
2
Let z be (17 - 69)/(4/(-10)). Let d = z + -41. Suppose -4*y = -67 - d. What is the tens digit of y?
3
Suppose 0 = -3*u, 2*r + 709 = 5*u + 2435. What is the hundreds digit of r?
8
Suppose 44 - 3439 = -5*j. What is the tens digit of j?
7
Let l(x) = 0*x - 5 + 0*x - 7*x. What is the units digit of l(-16)?
7
Let c(h) = 2*h - 3. Suppose 4*k + 2 - 34 = -4*d, k + 3*d = 14. What is the units digit of c(k)?
7
What is the hundreds digit of ((-5)/(-2))/((-85)/(-20230))?
5
What is the hundreds digit of (131 - 0)*(6 + -10 + 6)?
2
Suppose 7*r = -13 - 22. Let t(j) = -20*j - 5. What is the tens digit of t(r)?
9
Let j(o) = -8*o - 1. Let x(l) = -l**3 + 9*l**2 - 7*l - 10. Suppose -2*u = 2*u - 32. Let q be x(u). What is the tens digit of j(q)?
1
Let p be (-2)/(-1)*(-28)/2. Let y = p - -41. Suppose 4*f = j + y, f - 6 = -1. What is the units digit of j?
7
Let t be (-49)/14*12/(-14). Suppose t*k = 10*k - 385. What is the tens digit of k?
5
What is the units digit of (-6633)/(-81) - 4/(-36)?
2
Let f(v) be the second derivative of 17*v**5/4 - v**3/3 + v**2/2 + 4*v. Let i be f(1). Let z = i + -59. What is the tens digit of z?
2
Let y = 837 + -313. What is the units digit of y?
4
Let m be (9 + -1)/(3/87). Suppose -2*t - 2*t + 290 = 5*f, -4*f - t = -m. What is the units digit of f?
8
Suppose 4*r + w = 91, 3*r + 2*w - 3 = 69. Suppose 5*l = -5*v - 88 - r, -3*v = -5*l + 74. Let i = 35 + v. What is the tens digit of i?
1
Suppose 4816 = 45*w - 38*w. What is the tens digit of w?
8
Let j be 50/(-2) - (-6)/12*6. What is the hundreds digit of (-780)/(-15)*j/(-8)?
1
Let o(z) = -11*z - 66. What is the units digit of o(-19)?
3
Let z be (32/(-12))/((-8)/12). Suppose 4*s - 100 = -3*y, -5*s + 160 = -z*y - y. What is the units digit of s?
8
Suppose 0 = -4*o - 2*b - 436, 4*o = o - 2*b - 328. What is the units digit of (o - -14)*2/(-4)?
7
Let f be (-1 - -4)*(-1)/(-1). Suppose -f = -h - 0. What is the units digit of (1/h)/(8/24)?
1
Suppose -57 = -6*t + 159. Let m = 139 - t. What is the hundreds digit of m?
1
Suppose -4*s = -2*s - 84. Suppose -136 = -2*a + s. What is the units digit of a?
9
Let b(r) = -5 + 2*r**3 + 20 + 3 + 14*r**2 - 3*r**3 + 4*r. What is the units digit of b(14)?
4
Suppose c - 148 = 5*c + 4*b, -2*c - 69 = -3*b. Let u = 7 + c. What is the units digit of 4 - (2 + u/1)?
1
Let h = -1053 - -1506. What is the tens digit of h?
5
Let t(j) = j**3 - 11*j**2 + 16*j + 3. Let s be t(9). Let h(d) be the third derivative of d**4/24 + 10*d**3/3 - 4*d**2. What is the units digit of h(s)?
5
What is the units digit of (-7)/((-28)/(-16)) + 1697 + -9?
4
What is the hundreds digit of (-300)/9*(-222)/30*6?
4
Let m = 504 - -664. What is the tens digit of m?
6
Let h(z) = z**3 - 10*z**2 - 10*z + 1. Let y(x) = -x**2 + 9*x - 5. Let w be y(8). Suppose 2*d - 3*p - 31 = 0, -1 + w = d + 3*p. What is the tens digit of h(d)?
1
Let q = -966 - -1817. What is the units digit of q?
1
Let t be -5 + 8 + (-2 - -2). Suppose -213 = -t*p + 3*a, -4*a - 144 = -5*p + 3*p. What is the units digit of p?
0
Let q be (-15)/10 + (-52)/(-8). Suppose -2*v = -5*a + 130, -q*a - 3*v + 100 = v. What is the tens digit of a?
2
Let h(x) = x**3 - 6*x**2 + 16*x - 24. What is the tens digit of h(12)?
3
Let g(s) = -s**3 - 17*s**2 - 5*s + 6. Let t(m) = -m**3 + 7*m**2 + 6*m - 1. Let z be t(8). What is the units digit of g(z)?
1
Suppose 3*u + 27 = -q - 20, 4*u + 180 = -5*q. What is the units digit of 8/6*(-1008)/q?
2
Let w = 663 - -150. What is the hundreds digit of w?
8
Let y(r) be the second derivative of r**5/20 + 7*r**4/12 + r**3/3 - 7*r**2/2 + 2*r. Suppose -2*n = 5*d, 4*n + 12 = -2*d - 2*d. What is the units digit of y(n)?
3
Let q = -65 + 69. Suppose 5*r = -20, 0 = 5*v + q*r - r - 1033. What is the tens digit of v?
0
Suppose -14*z - 7965 = -29*z. What is the hundreds digit of z?
5
Let i = -5243 - -10231. What is the tens digit of i?
8
Let x = 4538 + -2530. What is the thousands digit of x?
2
Let j = -64 + 106. Suppose -x - 2*x = 39. Let g = j + x. What is the tens digit of g?
2
Let g(a) = 125*a + 721. What is the tens digit of g(5)?
4
Suppose 9*r = 14*r - 85. Suppose -4*b = -33 - 39. Let y = b - r. What is the units digit of y?
1
Let y(k) = -k**2 + 4*k - 3. Let h be y(2). What is the units digit of ((-3)/(-4) + h)/((-4)/(-48))?
1
Suppose -v - 10 - 5 = -4*u, u + 2*v - 6 = 0. Suppose 0 = 2*x - 5*r - 18, -u*x + 2*r = -2*x - 12. What is the units digit of x?
4
Suppose 0 = -k + 73 + 48. Let m = 185 - k. What is the units digit of m?
4
Let b = -107 - -855. What is the units digit of b?
8
Let t(n) = n**2 + 26*n + 565. What is the hundreds digit of t(-56)?
2
Suppose 2*d = 8, 2*w + 5*d = -0*w + 40. Suppose -7*j = -w*j + 435. What is the hundreds digit of j?
1
What is the tens digit of 249/4 + 63/84?
6
Let c(n) = -5*n**3 - 11*n**2 - 17*n + 24. What is the units digit of c(-7)?
9
Let k be 2/9 - (-620)/45. Suppose k + 310 = 4*s. What is the tens digit of s?
8
Suppose -897 = -4*m + 3*g, 2*m - 6*g = -10*g + 476. What is the hundreds digit of m?
2
Let z = -870 + 1965. What is the hundreds digit of z?
0
Let j be (-8 - -9)/((-1)/42). Let n = 121 + j. Let o = n + -43. What is the tens digit of o?
3
Let z = 7 - 1. Suppose -3*s = 2*x - 637, -z*x + 4*x = -4*s + 854. What is the units digit of s?
3
Suppose 37*f - 5673 - 8424 = 0. What is the units digit of f?
1
Suppose k - 17 = -2*x, k - 10 = x - 2. Suppose 99 = -2*z + k*z. What is the tens digit of z?
1
Suppose 3*g = q - 3*q + 15, -4*q = -g - 9. Suppose g*x - 124 = -13. What is the units digit of x?
7
Let q = 16 - 16. Suppose v = q, 2*z = -3*v + v + 120. Let t = -18 + z. What is the units digit of t?
2
Let g(y) = 424*y**2 - 13*y + 2. W